9 - -14. Let s = -15 - j. Suppose -2*z = -3*m + 106, -4*m + 7*m - 3*z - 105 = s. Calculate the greatest common divisor of m and 12.
12
Let q = 161 - 156. Suppose -125 = -2*d - q. What is the greatest common factor of 6 and d?
6
Suppose -6184 = -38*f + 466. What is the greatest common factor of f and 35?
35
Suppose -2*a - 8 = -3*a. Let y be 9/(-15) + 5075/125. Calculate the highest common factor of y and a.
8
Let y be -10 - (-7 - (-10 - -453)). Calculate the highest common divisor of y and 40.
40
Let h be (-25)/(-30)*3*2. Suppose t + 301 = 3*r, -t = 3*r - h*t - 313. What is the greatest common divisor of r and 11?
11
Suppose -43*t = -40*t + 3. Let a be (-1 + 1 + t)*-4. Calculate the highest common factor of a and 24.
4
Suppose 2*l - 3*v - 261 = 0, -3*l - 4*v + 323 = -43. Let j = -50 - -41. Let b be (-164)/j - 12/54. What is the highest common divisor of l and b?
18
Suppose 2*m - 4*m = 6. Let a(s) = -s**2 - 2*s + 3. Let k be a(m). Suppose 2 = 2*y, -4*f - 2*y + 12 + 18 = k. What is the greatest common factor of f and 35?
7
Suppose -83*r = -131*r + 1536. Calculate the highest common factor of r and 488.
8
Let y be 4/(-14) - 340/(-14). Suppose 0 = -17*l + 661 + 3827. Calculate the greatest common factor of y and l.
24
Let m(g) = g**2 + 12*g + 40. Let b be m(-4). Calculate the highest common factor of 376 and b.
8
Suppose -5*l + 0*g = g - 3676, -731 = -l + 4*g. What is the greatest common divisor of 70 and l?
35
Let f(a) = -a**3 + 10*a**2 - 8*a - 5. Let q be f(9). Let r(b) = -b + 1. Let j be r(q). Let z be (7/j - -1)*-6. Calculate the greatest common factor of z and 16.
8
Suppose 41*g - 51*g + 3180 = 0. Calculate the greatest common factor of 53 and g.
53
Let i be 6/(-15) - (-3425)/125. Calculate the greatest common factor of 432 and i.
27
Suppose -5*z = -z - 188. Suppose -7*h + 187 = z. What is the highest common divisor of h and 20?
20
Let t(a) = -5*a**2 - 181*a - 27. Let s be t(-36). What is the highest common factor of s and 1953?
9
Suppose 6*s = 3*s + 9, 0 = 5*r - 4*s - 108. Calculate the greatest common factor of 204 and r.
12
Let g = -1156 + 1672. Calculate the greatest common divisor of g and 24.
12
Let s(i) = 5*i - 4. Let b be s(4). Suppose -w + 16 = -0*w - 4*a, w - 13 = 3*a. What is the highest common factor of b and w?
4
Let z = 14 + -10. Suppose 501 + 363 = 4*b. Suppose -4*n + b = 2*n. What is the greatest common factor of z and n?
4
Suppose -3*s - 2*d = 56, 5*d + 23 + 36 = -3*s. Suppose g + 3*u = 5*g + 36, -2*g = u + 8. Let j = g - s. Calculate the greatest common divisor of 8 and j.
4
Let o = -30 + -3. Let i be (-3)/12 - o/4. What is the highest common divisor of i and 56?
8
Let z(y) = -y**2 + 3*y. Let b be z(3). Suppose b = -q + 5*q. Let n(v) = -v**3 - v + 26. Let m be n(q). Calculate the greatest common divisor of m and 13.
13
Suppose 92 - 120 = -4*c. Calculate the greatest common factor of 427 and c.
7
Suppose 8*j - 99 - 141 = 0. What is the greatest common divisor of j and 1040?
10
Suppose -3*j + 3*t = 151 + 440, 0 = -4*j + 2*t - 790. Let m be ((-6)/12)/(3/j). Let z be 1874/22 + (-6)/m. Calculate the highest common factor of 34 and z.
17
Suppose 7*c = 167 + 36. Calculate the highest common factor of 145 and c.
29
Suppose -60 = -3*j - j. Let w be 26 + -12 - 8/2. What is the highest common factor of w and j?
5
Let r be 5 + (-5 - -2) + -2. Suppose 7*g - 2*g + 5*w - 40 = r, g - 4*w = 8. Let d be 38 + (-3)/(6/(-4)). Calculate the greatest common divisor of g and d.
8
Let k = 353 + -262. What is the greatest common factor of 78 and k?
13
Suppose -12*r + 17*r = 2150. Calculate the highest common factor of r and 30.
10
Let r(u) = -16*u + 1. Let n be r(-1). Let a = 27 + 106. Suppose -2*i = -a - 37. Calculate the greatest common divisor of i and n.
17
Suppose -12*r = -14*r - 5*t + 335, 0 = -5*t + 5. What is the highest common factor of 605 and r?
55
Suppose 75*z = 72*z + 525. What is the highest common factor of 945 and z?
35
Suppose 0 = -3*i - 0*i - 3*s + 141, 5*i - 227 = 3*s. What is the highest common divisor of 115 and i?
23
Let a be (-2 + (-40)/6)*6. Let u = -43 - a. Calculate the highest common factor of u and 6.
3
Let y be 2/11 + -2*174/(-22). Let n be (-4 + 8)/((-1)/(-12)). Calculate the greatest common divisor of y and n.
16
Let z be (0 - -1095) + (-2 - -4). Let s = z + -747. Suppose 4*y - s = 46. Calculate the highest common divisor of y and 11.
11
Let j be (-6)/(-15) + (-36)/(-10). Suppose 8*r - j = 4*r. Calculate the greatest common factor of r and 1.
1
Let k(w) = w**3 - 16*w**2 + 3*w - 29. Let p be k(16). Suppose -144 = -y - p. What is the highest common divisor of y and 75?
25
Suppose 0 = 29*x - 27*x + 5*w - 598, -3*w = -6. What is the highest common divisor of 24 and x?
6
Let m = 1371 + -1355. Calculate the highest common divisor of 32 and m.
16
Let b(q) = 2*q. Let l be b(6). Suppose -t - 428 = -4*k, 0*k = -3*k - 3*t + 336. Calculate the greatest common divisor of k and l.
12
Suppose 4*c - 3*g - 23 = 0, -g - 6 = -3*g. Let a = c - 6. Suppose 4*l = a*l + 28. What is the highest common factor of l and 35?
7
Let l = -173 - -271. Calculate the greatest common divisor of 245 and l.
49
Let p(l) = -l**3 - 2*l**2 + 4*l - 5. Let u be p(-5). What is the highest common factor of 75 and u?
25
Let d(r) = 2*r + 126. Let a(g) = 22 - 15 - 13 + g. Let s be a(6). Let q be d(s). What is the greatest common factor of q and 18?
18
Suppose v - f + 5 = 0, -2*f - 8 = 3*v - 18. Suppose 5*u + 2*a = 16, -2*u - a - 4 + 10 = v. What is the highest common divisor of u and 10?
2
Let c be 18/(-6) - 74/(-1). Suppose c*f = 64*f + 84. What is the greatest common factor of f and 108?
12
Suppose -j - 3*p + 45 = -p, 3*j = -4*p + 141. Let g be (0/(-1) - j)/(15 + -16). What is the highest common factor of 17 and g?
17
Let w(q) = -q + 99. Let f be w(9). What is the greatest common factor of f and 20?
10
Let w be (105/126)/(2/24). Calculate the greatest common factor of 55 and w.
5
Suppose -126 = -3*d - 5*c, 5*d = c + 162 + 20. Calculate the greatest common factor of 74 and d.
37
Let c(w) = -2*w - 6. Let u be c(-5). Suppose 5 = u*k + k. What is the highest common divisor of k and 7?
1
Let c be -3 - -4 - -1 - 0. Let k be (c - -6) + (0 - 0). Calculate the highest common factor of k and 24.
8
Suppose -14 = -5*j + 6. Calculate the highest common factor of j and 64.
4
Let b be 1*(3 + -2 + -1 + 5). Let g be 5 + (5 - b) + 11. Calculate the highest common divisor of g and 8.
8
Let b(s) = s**3 + 6*s**2 + 4. Let l be b(-6). Suppose m = -4*m - 160. Let g be 4/(3 - m/(-11)). Calculate the greatest common factor of l and g.
4
Let d be 60/(-9)*114/(-4). Let k be 383/10 + 87/(-290). Calculate the highest common factor of d and k.
38
Suppose -3*s + 38 = 2*t - 6*t, -4*s - 2*t = -14. Suppose s*r = 2*r + 16. What is the greatest common divisor of 2 and r?
2
Suppose -1 = 3*t - 19. Suppose -t*m = m - 385. Calculate the highest common factor of m and 5.
5
Let g = -516 + 690. Calculate the greatest common divisor of g and 435.
87
Suppose -x = -3, 8 = -4*i - 2*x + 2. Let k(b) = -4*b - 1. Let w be k(i). Calculate the highest common factor of 11 and w.
11
Suppose 19*j - 23*j + 4*u + 28 = 0, 3*j = -u + 5. Calculate the greatest common factor of j and 159.
3
Suppose 2*v - t + 5*t - 22 = 0, -4*v + 57 = -5*t. Let f = v - 6. Let l = 45 + -17. Calculate the greatest common factor of l and f.
7
Suppose -14 = -2*l - i, -4*l + l - 5*i = -28. Calculate the greatest common divisor of 102 and l.
6
Suppose -6*t + t - 4*b + 260 = 0, 3*t - 5*b = 193. Let w be (-2504)/(-72) + (-2)/(-9). Let v = t - w. What is the greatest common divisor of v and 84?
21
Let u(k) = 2*k**2 - 4*k + 21. Let b be u(5). What is the highest common factor of 187 and b?
17
Let h(f) = 10*f**2 + f. Let z be (-3 - -4)/((-2)/(-2)). Suppose -1 = -t + z. Let q be h(t). What is the greatest common divisor of 6 and q?
6
Let w(g) = -g**3 + 6*g**2 - 4*g + 2. Let u be w(6). Let a(n) = -n**3 - 22*n**2 - n - 3. Let l be a(u). Calculate the highest common factor of l and 171.
19
Let n = -903 - -912. Let f(i) = 180*i. Let q be f(1). What is the greatest common divisor of n and q?
9
Let z(u) = 5*u**2 + 1. Suppose -1 = -r + 4*r + 4*i, i = -2*r + 1. Let v be z(r). Suppose -1 = v*a - 7*a. What is the highest common factor of 1 and a?
1
Let f be (8 + 